- z*d = 1990. What is the units digit of d?
9
Let g = 49 + -47. Suppose -4*h - 16 = 0, d - 5*h + 188 = g*d. Suppose w - 3*w + d = 0. What is the units digit of w?
4
Let k(p) = 14*p**3 + 10*p**2 - 30*p + 66. What is the tens digit of k(3)?
4
What is the units digit of (-2 + -1)*-1*123313/1167?
7
Suppose -g + 5*c + 18779 = -23862, 2*g = -5*c + 85327. What is the thousands digit of g?
2
Suppose -4*f + 4*v = -298 - 434, -4*v = -5*f + 915. Suppose h = -f + 1346. What is the thousands digit of h?
1
Suppose 3*l - 4*d = -5*d - 7, -4*l - 1 = 3*d. Let q be -3 + (-114)/(-42) + l/(-14). Suppose -2*x + q*x + 42 = 0. What is the units digit of x?
1
Let c be 3/9 - 218680/(-60). Suppose -19*x + 1960 = -c. What is the units digit of x?
5
Let o be (5 - (-51)/9)*126. Suppose 4*g - o = -3*j, -2*j + 5 - 677 = -2*g. What is the hundreds digit of g?
3
Suppose -6 = -6*l + 12. Suppose 3*t - 572 = -4*o + 2183, l*o - 2045 = 2*t. Suppose 3*m = -2*g + o, -3*m = -2*m - g - 220. What is the tens digit of m?
2
Suppose -2*k + 20199 + 23767 = 4*u, -65907 = -3*k + u. What is the tens digit of k?
7
Let c be (8 + -8)*1/2. Suppose c = -13*t + 16*t - 1191. What is the units digit of t?
7
Suppose 6*s - 24436 - 21071 = 3*s. What is the tens digit of s?
6
Let s = -203 - 102. Let y = 77 - s. What is the hundreds digit of y?
3
Suppose 803 = 31*s - 1212. Suppose 0 = s*h - 9*h - 100016. What is the tens digit of h?
8
Suppose -11*a + 6*a = -85. Suppose -c = 5*q + a, q + 52 = -c - c. Let o = 89 - c. What is the hundreds digit of o?
1
Let a(c) = -191*c + 1825. What is the tens digit of a(-42)?
4
Let b be ((-10)/(-3))/((-74)/(-20535)). Let j = b - 797. What is the units digit of j?
8
Suppose 3 = 3*n - 6. Suppose -51*q + 13079 = 5378. Suppose 20 = 2*b + n*b, b = 5*a - q. What is the units digit of a?
1
Suppose 0 = -4*v - 20, -75*h - 2*v = -71*h - 140594. What is the hundreds digit of h?
1
Let h(g) = -g - 18. Let f be h(-8). Let k = -5 - f. Suppose 4*v + k*y - 384 = 3*y, 5*y + 495 = 5*v. What is the units digit of v?
7
Let n be (-272)/6*(2 - -1). What is the thousands digit of 2/(-17) + (-223192)/n?
1
Suppose -2*q = -3*l + 11513, -19159 = -5*l - 29*q + 25*q. What is the tens digit of l?
3
Suppose 0*x - 3*x = 3*x. Suppose 4*o - 1852 = -x*o. What is the hundreds digit of o?
4
What is the tens digit of ((-18445)/1)/(-1) + -14 + (3 - -12)?
4
Let d(y) = -221*y - 11. Let z(h) = -663*h - 32. Let o(q) = 11*d(q) - 4*z(q). Let b be o(-3). What is the tens digit of 10/35 - b/7 - 4?
9
Let j = -218 + 247. Let q(p) = 9*p + 119. What is the tens digit of q(j)?
8
Let h = 790 + -1390. Let l = h - -1075. What is the hundreds digit of l?
4
Suppose 14 = 11*m - 8. Suppose -9*w + 1540 = m*w. What is the units digit of w?
0
Suppose -i = 3*s + 16985, i + 16990 = 7*s - 9*s. What is the units digit of i/15*48/(-40)?
0
What is the tens digit of 83613 + 1 + (-21)/(-27) + (-462)/(-2079)?
1
Suppose 0 = 4*o - 6*o. Suppose 5*y = w - o*w - 149, y = -4*w + 554. What is the units digit of w?
9
Suppose 0 = -2*h + 5*q - 15, -4*h - 2*q + 25 = -q. Suppose 54 = h*p + 2*i, 3*p - 12 = i + 27. What is the tens digit of (-256)/(p/(-3)) + -4?
6
What is the tens digit of ((-2)/3)/(283/(-6730023))?
5
Let r = -12778 - -36311. What is the ten thousands digit of r?
2
Let x(v) = -v**2 + 17*v - 15. Let i be x(5). Let z be (-2 - (-1 + -2))/(3/i). What is the tens digit of (2/(-6))/((-2)/10)*z?
2
Suppose -38922 = -14*z + 5150. Let m = -1858 + z. What is the units digit of m?
0
Let f(w) = 3*w**3 + 88*w**2 + 40*w + 22. What is the hundreds digit of f(-12)?
0
Let d(s) = 21*s**2 + 167*s + 65. What is the ten thousands digit of d(47)?
5
What is the units digit of (-4)/(-14) + 54/105 + 10960650/750?
5
Let a = -114 + 108. Let i = a - -113. What is the units digit of i?
7
Let j(d) = 2*d + 5. Let u be j(-4). Let y be (-3)/u*-2*454/4. Let z = -93 - y. What is the units digit of z?
4
Suppose -i = 2*a - 3*a + 195, -15 = -3*i. Suppose 334 = 5*j - z, -7*j - z = -10*j + a. What is the units digit of j?
7
Let c(h) = h**2 - 16*h - 52. Let d be c(19). Suppose 4*y - 3162 = d*k - 14495, 4522 = 2*k + 4*y. Suppose 9*o = 24*o - k. What is the hundreds digit of o?
1
Let f(d) = -4*d**3 + 13*d**2 - 16*d - 53. Let j be f(-17). Suppose -16*k - j = -49*k. What is the units digit of k?
6
Let p be ((-124)/(-186))/(1/6). Suppose p*v - 1044 = 4*c, -740 = -2*v - 2*c - 234. What is the hundreds digit of v?
2
Suppose -8532 = -6*a + 5*a - j, 17016 = 2*a - 4*j. What is the units digit of a?
4
Let t be 864/(-10) - (-9)/30*-2. Let a = t + 374. What is the units digit of a?
7
Let g = 24373 - 9864. What is the tens digit of g?
0
Let n(q) be the third derivative of q**6/120 + 19*q**5/60 - q**4/6 - 13*q**3/2 + 126*q**2. What is the units digit of n(-19)?
7
Let z(j) be the second derivative of -j**4/12 + 5*j**3/2 - 27*j**2/2 - 2*j. Let m be z(13). What is the hundreds digit of 2/9 - (m + 1904/(-18))?
1
Let y(f) = f**2 - 2*f - 45. Let p be y(11). Suppose -20*l = -11*l - p. Suppose 4*c - 468 = -5*a, -l*a - 332 = -3*c - 5*a. What is the hundreds digit of c?
1
Suppose 5 = -4*h - h + 5*l, h - 14 = -2*l. Suppose 0 = o + 6*s - 3*s - 765, 0 = -5*o - h*s + 3792. What is the tens digit of o?
5
Let w(p) = 655*p**3 - 14*p**2 + 16*p. What is the tens digit of w(2)?
1
What is the hundreds digit of 20293 + (2/(-6)*-2)/((-76)/(-114))?
2
Let d = 589 - -789. Suppose 0 = -4*a + d - 354. What is the hundreds digit of a?
2
Suppose 45*t + 983 + 6802 = 0. Let z = t - -1603. What is the tens digit of z?
3
Suppose -2*j + 8*j = 0. Suppose j = z - 15 + 17. What is the tens digit of z/6*-214 - (-4)/6?
7
Suppose -11*r = -r - 5710. Suppose i - 2*c + 156 = r, 0 = -i + 4*c + 421. What is the units digit of i?
9
Let m = -5039 + 31835. What is the hundreds digit of m?
7
Suppose 27*x = -44*x + 497. Let p(o) = -6*o**2 + 5*o + 18. Let i(w) = 5*w**2 - 4*w - 17. Let l(v) = 3*i(v) + 2*p(v). What is the hundreds digit of l(x)?
1
Let m = -157 + 412. Let a = m + -135. What is the units digit of a?
0
What is the hundreds digit of 141/(-94) - 3/(6/(-14035))?
0
Let j be ((-3)/(-30)*4)/(8/(-40)). Let d(a) = 166*a**2 + 17*a + 7. What is the tens digit of d(j)?
3
Let q = 460 - 837. Let n = -561 - q. Let l = n + 285. What is the tens digit of l?
0
Let u(a) = 4*a - 15. Let r(j) = -8*j + 29. Let h(t) = -6*r(t) - 13*u(t). Suppose 0 = y + 4*k + 20, -k = y + 111 - 97. What is the tens digit of h(y)?
6
Suppose 0 = 2*w + 4*v + 16, 4*v + 10 + 16 = -3*w. Let f(z) = -22*z + 26 + 0 - 2 + 3. What is the units digit of f(w)?
7
Let g be -2 - 6/(30/(-155)). Suppose -t - a = 8, -4*a - g = 4*t + a. What is the tens digit of (-3155)/(-11) + (-2)/t?
8
Let u(k) = 32*k**2 + 48*k - 1163. What is the thousands digit of u(16)?
7
Suppose 3*s - 4*s + 293 = -4*n, n = 3*s - 846. Let v(u) = 24*u + 119. Let g be v(3). Let t = s - g. What is the tens digit of t?
9
Let b(p) = 33*p + 6. Let x be b(12). Suppose -816 - x = -3*i. What is the tens digit of i?
0
Let u(p) = 2*p**3 - 225*p**2 + 5226*p - 48. What is the ten thousands digit of u(26)?
1
What is the ten thousands digit of 27/(-6)*(-17)/((-408)/(-245504))?
4
Let r = -544 + 529. What is the units digit of r/(105/(-14)) - -1384?
6
Let x(g) = 4467*g**2 + 22*g + 4. What is the units digit of x(-1)?
9
Let v be (-418)/(-15) + 20/150. Let f = v - 28. Suppose -89 = -3*z - k, f = z + 4*z - 5*k - 115. What is the units digit of z?
8
Suppose -7*m + 10 = 10. Suppose -2785 = -5*n + 6*b - 7*b, m = 2*n - 2*b - 1126. What is the tens digit of n?
5
Let t(v) = -185*v - 20. Let m be (3 - 0)/(-6 - (-12 - -9)). What is the tens digit of t(m)?
6
Let x(u) = u**3 + 12*u**2 + 27*u + 79. Let s be x(-10). Suppose -3*q + 1132 = 13*b - s*b, b - 288 = -2*q. What is the tens digit of b?
8
Suppose 2*q = 4*q - 5*n - 1177, 1740 = 3*q + n. Suppose 4152 = -q*s + 587*s. What is the tens digit of s?
9
Suppose -9*i + 2*i - 826 = 0. Let c = 202 + i. What is the tens digit of c?
8
Let i(g) = g**3 + 9*g**2 + 5*g - 22. Let o be i(-8). Suppose 2*p + 3*x = 2*x + 415, 5*p - 1038 = -o*x. What is the hundreds digit of p?
2
Let o be 1/(-3) + (-3)/(-9). Let p(w) = -w**2 - w + 655. Let f be p(25). Suppose -2*h + 5*h + 68 = 4*n, 5*n + f*h - 85 = o. What is the tens digit of n?
1
Suppose 611 = 9*u - 1423. Let a = u - 111. Let h = 215 - a. What is the hundreds digit